f.
8
Let s(i) = 5*i**2 - 100*i + 68. Let h be s(23). Calculate the highest common factor of 118 and h.
59
Let q(g) be the third derivative of g**5/30 + g**4/8 + 3*g**3/2 + 11*g**2. Let a be q(-2). Calculate the greatest common factor of 121 and a.
11
Let i(u) = 6*u - 1. Let l be i(1). Let n = -1 + 1. Suppose -l*m + a = -133, n = -a + 2. Calculate the greatest common factor of 189 and m.
27
Suppose 0 = w + 2*v - 18, -v - v + 60 = 4*w. Suppose 8*y + 3*x - 147 = 3*y, 4*x = 16. Suppose y*h = 23*h + 140. What is the greatest common factor of h and w?
7
Suppose 0 = -2*h - 0*h - 120. Let q be (-1)/(3 + 0 + -2). Let o be (-3)/(((-2)/h)/q). Calculate the highest common divisor of 18 and o.
18
Suppose -r + 0 + 39 = -3*n, r = 5*n + 31. Let u be -5 - (-110)/105*-3*-7. What is the greatest common factor of u and r?
17
Let l(i) = 34*i**2 - i - 2. Let c be l(3). Let n = c - 213. What is the highest common divisor of n and 11?
11
Suppose -3 - 6 = -d. Let o = 21 - d. Suppose o*t - 11*t - 30 = 0. Calculate the highest common factor of t and 45.
15
Suppose -z + 2*v - 12 = -2*z, 5*z = 3*v - 5. Suppose -3*y = 2*m - 32, 0*y - z*y = 5*m - 36. Calculate the greatest common factor of y and 184.
8
Let x = 13 - 7. Suppose 27*y - 2310 = -8*y. Calculate the highest common factor of x and y.
6
Let w be (-189*(-14)/21)/(-2 + 4). Calculate the highest common divisor of w and 105.
21
Let v = -37 + 44. Let l be (25 - (v + -4)) + -4. Let t(k) = -k**2 - 9*k + 1. Let j be t(-8). Calculate the greatest common divisor of j and l.
9
Let i(c) = 24*c**2 + 1 + 4*c**2 + 2*c**2 - 3*c. Let t be i(1). Calculate the highest common factor of t and 28.
28
Let c be -8*(-25 + (0 - -4)). Suppose c = 3*p + 9*p. Calculate the greatest common divisor of 7 and p.
7
Let x = -27 + 41. Suppose 5*a - 280 = -0*a. What is the highest common divisor of x and a?
14
Let f = 2 + 376. What is the highest common divisor of f and 54?
54
Suppose -4*b + 490 = 174. Suppose 4*t = 37 + b. Calculate the greatest common factor of 261 and t.
29
Let g be (-364)/6*(-3 + 0). Let v be 182/(-20) + (-11)/(-110). Let z = 17 - v. What is the greatest common divisor of z and g?
26
Suppose 3051 - 2622 = 13*i. Calculate the greatest common factor of i and 57.
3
Let b(c) = -14*c + 47. Let w be b(-23). Calculate the greatest common factor of w and 9.
9
Suppose -3*j = -2*m - 1028, -28*j + 1008 = -25*j + 3*m. Calculate the highest common divisor of j and 20.
20
Let f(n) = -n**2 - 11*n - 13. Let z be f(-4). Calculate the highest common factor of 1005 and z.
15
Suppose -16*b + 168 = 8*b. Calculate the greatest common divisor of 77 and b.
7
Let j(n) = -3*n - 6. Let k be j(-4). Suppose 5*y - 40 = -5*b, -4*b = -b - k. Calculate the highest common factor of 54 and y.
6
Let o be (6/4)/((-2)/4) + 165. Calculate the highest common divisor of o and 18.
18
Let g = -54 + 79. Suppose 75 = 4*s - 3*n, -s + g = -2*n - 0*n. Suppose -4*i + 34 = i + 3*h, -h = 2*i - 13. What is the highest common factor of i and s?
5
Let n be (-6 - (-387)/12) + 45/(-36). What is the highest common divisor of n and 1525?
25
Let m be 3/((-54)/(-4)) - 522445/(-1035). Calculate the highest common factor of 303 and m.
101
Suppose -5*g + 158 = -m, 4*g + 5*m = 23 + 86. Calculate the highest common divisor of g and 93.
31
Let b be 17 - 5/(15/(-9)). Suppose m - 3*m = 2*z - b, 0 = -4*z - 2*m + 36. Let n be z/(-12) - (-20)/3. What is the highest common factor of 6 and n?
6
Suppose 4*z + 14 - 26 = 0. Let y be z + -4 + 4 - -240. Calculate the greatest common divisor of 27 and y.
27
Let p(s) = 27*s**2 + 18*s + 123. Let j be p(-7). Calculate the highest common factor of j and 30.
30
Let s be (-1)/(1*2/(-38)). Suppose -951*g = -940*g - 418. Calculate the greatest common divisor of g and s.
19
Let s = 975 - 747. Calculate the highest common divisor of 24 and s.
12
Let z(m) = -3*m - 8. Let i be z(-5). Suppose 6*j = i*j - 4. Let v be j + 1 + 0 + 14. Calculate the highest common divisor of v and 171.
19
Let g(a) = a**3 + 11*a**2 + 11*a + 21. Let x be g(-10). Suppose 2*k = -3 + x. Calculate the greatest common factor of 60 and k.
4
Let w = -17 + 17. Suppose -5*i + 32 = -i + 4*z, 2*i - 5*z - 51 = w. What is the greatest common divisor of i and 39?
13
Let y(o) = 2*o**3 - 6*o**2 - 7*o. Let r(k) = k + 1. Let g be r(4). Let n be y(g). Calculate the highest common divisor of 13 and n.
13
Let r = 61 + -27. Suppose 0 = -3*u - 2*u. Suppose u = 4*d + 122 - 462. Calculate the highest common divisor of r and d.
17
Suppose 4*b + 364 = 4*l + 2652, 4*l - 582 = -b. Calculate the greatest common factor of 41 and b.
41
Let b be (21/28)/(3/8). Calculate the highest common factor of 230 and b.
2
Let m(j) = 5*j**2 - 17*j + 59. Let u be m(5). Calculate the greatest common divisor of u and 1353.
33
Suppose -21 = -3*y + 15. Suppose -13*i + 8*i = -235. Let b = -23 + i. Calculate the greatest common divisor of b and y.
12
Let p = 17 - -84. Suppose 6*c - p = 229. Let r = 29 + -18. Calculate the greatest common divisor of c and r.
11
Let s be -3 - (-16)/(-12)*99/(-2). What is the greatest common factor of 147 and s?
21
Let v = 40 - 0. Suppose 0*r + 5*q + v = r, 5*q = -10. What is the greatest common divisor of 20 and r?
10
Suppose -3*d = 8 - 23. Suppose d*x = 2*x + 36. Let p be (30/x)/((-1)/(-2)). What is the highest common divisor of p and 40?
5
Suppose -3*x = -5*j - 1516, 2*x - 3*j - 512 = x. Calculate the highest common divisor of x and 71.
71
Let b be (-3)/((-27)/(-6))*-3. Suppose -36 = b*f - 4*f. What is the greatest common divisor of 144 and f?
18
Let t be (-6)/4 - (-83)/2. Suppose -4*w - t = -3*w. Let r = 94 + w. What is the highest common divisor of r and 6?
6
Let i(r) = -938*r + 54. Let h be i(-1). What is the highest common factor of h and 32?
32
Let b = 1031 + -437. Calculate the highest common divisor of b and 54.
54
Suppose 0 = 3*j - j - 40. Let d = 47 - j. Calculate the highest common factor of d and 3.
3
Let y = -192 + 255. Calculate the greatest common divisor of y and 231.
21
Let m(j) = 3 + 1 - 6 - j. Let v be -9 + (-3 - (-5 - 1)). Let k be m(v). Calculate the highest common divisor of k and 12.
4
Suppose -1 = 3*f - 5*o, -f - 4*o + 17 = 2*f. Let c be (-6)/2 + (f - 0). Suppose c = -g - 2*g + 135. What is the greatest common factor of 15 and g?
15
Let y = -37 - -102. Suppose 2*g + 3*g - y = 0. Let w(v) = 39*v**2 + 3*v - 3. Let f be w(1). What is the greatest common divisor of f and g?
13
Suppose y + 3*z = -4 + 11, -4*z + 4 = y. Calculate the highest common divisor of 168 and y.
8
Suppose -2*z + 15 = 9. Suppose -y - 7 = -3*w + 33, -z*w = 4*y - 50. What is the highest common divisor of 126 and w?
14
Let u(w) = 3*w + 21. Let n be u(-5). Let m(k) = -2*k**2 - 5*k + 1. Let z be m(-5). Let t = -15 - z. What is the highest common divisor of n and t?
3
Let u(o) = -o**2 + 4*o - 7. Let b(j) = j**2 - 3*j + 8. Let z(f) = 4*b(f) + 3*u(f). Let s be z(-5). Calculate the greatest common factor of s and 27.
9
Let y(b) = 3*b - 1. Let f be y(1). Suppose -24*l + 514 = 274. Let r = l + f. Calculate the greatest common divisor of 48 and r.
12
Suppose 0*t = -5*t - 5*r + 75, -2*t - 4*r = -40. Let d be ((10/(-2))/t)/(3/(-192)). Calculate the highest common factor of d and 224.
32
Let q be (-4)/18 - (-136)/(-36). Let h be q + -2 + 26 - (2 - 3). Let y be 1/(-2) + 30/4. What is the greatest common factor of y and h?
7
Suppose 20*p - 162 = 17*p. Calculate the highest common divisor of p and 18.
18
Let f = 354 + -145. Calculate the highest common factor of 57 and f.
19
Let t = 1111 + -1103. Suppose -5*h + 47 = 7. What is the highest common divisor of t and h?
8
Suppose 4*m + 20 = 0, -29 - 11 = -5*q + 3*m. Calculate the highest common divisor of 65 and q.
5
Let h = -7 + 19. Suppose -3*v = -7*m + 2*m - 349, 10 = -2*m. Calculate the highest common factor of v and h.
12
Suppose 300*i - 277*i - 1242 = 0. What is the greatest common divisor of 96 and i?
6
Suppose 16 = a - 2*q, -3*q - 6 - 39 = -3*a. Calculate the greatest common factor of 280 and a.
14
Let v(u) = 8*u - 56. Let n be v(8). What is the highest common factor of 3 and n?
1
Let g(v) = 3*v**2 - 12*v - 19. Let p(o) = -4*o**2 + 18*o + 28. Let m(t) = -7*g(t) - 5*p(t). Let d be m(-3). Calculate the greatest common divisor of 10 and d.
2
Suppose -33 - 75 = -4*y. Let k be 6/(-4)*(-1